10. Suppose 0 = -z*d - 298 + 64. Let v = -69 - d. List the prime factors of v.
2, 3
Let r(a) = a**2 - 2*a + 2. Let u be r(4). Suppose 5*m = -2*w + 4, -22 = 5*w + 2*m + u. Let l = w - -14. List the prime factors of l.
2, 3
Suppose 0 = 4*k - y - 4*y - 55, -18 = -k - 3*y. Suppose 0 = -m + 88 - 68. Let v = m - k. What are the prime factors of v?
5
Let z(n) = -90*n + 70. List the prime factors of z(-7).
2, 5, 7
Suppose 0*s - 2*s = 0. Suppose s*t - 4 = t. Let r = 20 + t. List the prime factors of r.
2
Let u(d) = 79*d - 90. List the prime factors of u(5).
5, 61
Suppose 0 = 7*r - 68 + 19. Suppose 3*h - 197 = l, -3*h + r*h = -2*l + 256. List the prime factors of h.
5, 13
What are the prime factors of ((-60)/(-36))/((-5)/(-3255))?
5, 7, 31
Suppose f + 3*q = -0*q + 1616, -2*f + 2*q = -3256. What are the prime factors of f?
5, 13
Suppose 10*x + z = 7*x + 2389, -4*z + 1596 = 2*x. What are the prime factors of x?
2, 199
Let t = 2433 - 1373. What are the prime factors of t?
2, 5, 53
Let b = 77 + 6. What are the prime factors of b?
83
Let x(a) = 27*a**2 - 3*a - 9. List the prime factors of x(4).
3, 137
Let c(l) = 3*l - 9. Let a be c(9). Let y = -26 + a. What are the prime factors of 2/y - (-162)/8?
2, 5
Let a be (-4)/(112/(-147)) - 1/4. Suppose a*g - 247 = -27. List the prime factors of g.
2, 11
Let p(h) = 4*h**2 - 5*h - 6. Let c(w) = 10*w + 69. Let n be c(-6). What are the prime factors of p(n)?
3, 7, 13
Suppose 2*p + 2*p - 793 = -5*k, 0 = -5*p - 3*k + 988. List the prime factors of p.
197
Suppose 0 = 3*g + 3, 0*d - g - 58 = -3*d. Suppose 3*f - d = 152. What are the prime factors of f?
3, 19
Let i(w) = 2*w**2 - 3*w - 2. Let x be i(-3). Let c = -17 + x. List the prime factors of c + -2 + 0 - -3.
3
Let q be (-6)/8 + (-86)/(-8). List the prime factors of (4/q)/((-4)/(-880)).
2, 11
Let c(q) = 57*q - 123. List the prime factors of c(28).
3, 491
Let t = -132 + 1839. List the prime factors of t.
3, 569
Let p(g) = g + 9. Let j(y) = -2*y - 9. Let w(z) = 3*j(z) + 4*p(z). Suppose -2*q - 6 + 8 = 2*h, -17 = -3*q + 4*h. What are the prime factors of w(q)?
3
Suppose -5*i = 14*b - 9*b - 310, 116 = 2*i - 2*b. Suppose i*m = 57*m + 111. What are the prime factors of m?
37
Suppose 4*c = 2*c + 6. Suppose 50 = -5*n - 3*v, c*v + 7 = -8. What are the prime factors of 424/14 + 2/n?
2, 3, 5
Let j be 7 - -2*(0 + -1). Suppose f + 2*f = 5*c + 43, 3*c - 15 = -j*f. What are the prime factors of f?
2, 3
Let t(p) be the second derivative of p**4/12 + p**3/6 + 2*p**2 - 12*p. What are the prime factors of t(6)?
2, 23
Let z(s) = 2*s + 64. Let f be z(0). Let g = f + 176. Suppose -10*n + 5*n + g = 0. What are the prime factors of n?
2, 3
Let b = 910 - 531. What are the prime factors of b?
379
Suppose 0 = -4*f - 23 - 9. Let w(h) = h**3 + 3*h**2 - h - 1. Let i(v) = -2*v**3 - v**2 - 2*v - 8. Let y(p) = i(p) + 3*w(p). What are the prime factors of y(f)?
29
Let t(r) = -r**3 - 7*r**2 - 7*r - 3. Let o be t(-6). Suppose -o*w = -203 - 145. Suppose b + 38 = 2*j - 2*b, 3*b - w = -5*j. List the prime factors of j.
2, 11
Let i be 182 + -2 + -3 + -1. Let d = -76 + i. List the prime factors of d.
2, 5
Let w = 865 + -96. List the prime factors of w.
769
Let m be (-4)/(-8) - 45/(-10). Suppose -m*q = -216 - 189. List the prime factors of q.
3
Suppose 3*k - 4*k = 0. Let q = k + 2. Suppose -4*i + q*f + 34 = 0, -5*i + 5*f + 50 = f. What are the prime factors of i?
2, 3
Suppose -2*o + 0*g = -4*g + 16, 4*g + 20 = -o. Let r be o/3*34/(-8). Suppose 29 + r = 2*f. What are the prime factors of f?
23
Let g(y) be the first derivative of -9*y**4/4 - 2*y**3/3 + y**2 - 1. List the prime factors of g(-2).
2, 3, 5
Let a(f) = 3*f**2 - 3*f + 2. Let m be a(-3). Let p = m - 17. List the prime factors of p.
3, 7
Suppose s + 3 = -r + 2, 4*s = -2*r - 14. What are the prime factors of (-2894)/(-14) + s/(-84)*4?
3, 23
Suppose 5*b = 2 + 13. Suppose b*n + 24 = -n. Let r(u) = -6*u - 10. What are the prime factors of r(n)?
2, 13
Let g be 2*-1 + (13 - 13). Let h(k) = -35*k. Let i be h(g). Let s = 113 - i. What are the prime factors of s?
43
Suppose 4*g = 3*g + 172. Suppose -2*p + g = 2*p. List the prime factors of p.
43
Let o be ((-14)/6)/((-3)/27). Suppose -5*j + 3*b = 14 - 38, -6 = 2*b. Suppose o = c - 2*x + 3*x, j*x + 62 = 2*c. What are the prime factors of c?
5
Suppose p - 68 - 109 = 3*z, -z = -2*p + 339. Let t = 384 - p. What are the prime factors of t?
2, 3
Suppose -140 = 8*x - 13*x. Let a be (-1)/(-4) - (-133)/x. Suppose -a*p = 3*s - 244, 2*p - 100 = -3*s + s. What are the prime factors of p?
47
Suppose 4*u - 24 = -2*u. Suppose 4*f = -j + 392, 172 = u*f + 3*j - 220. List the prime factors of f.
2, 7
Suppose -m + 93 = 3*o, 2*m = 6*m + 2*o - 362. What are the prime factors of 4*(-5)/m + (-2434)/(-18)?
3, 5
Suppose 636 = 5*i + 226. Suppose 3*p - 5*g - 50 = 0, -3*p - g = p - i. List the prime factors of 412/p - (-4)/10.
3, 7
Suppose -609 = 2*o - 3*m, -o = -0*o + m + 317. Let x = o + 459. List the prime factors of x.
3, 7
Let b(x) = 79 + 12 + x**2 + 0*x**2. What are the prime factors of b(0)?
7, 13
Let f = -61 + 65. Suppose 299 = f*p - 141. List the prime factors of p.
2, 5, 11
Suppose 0 = 7*z - 13*z + 1080. Suppose -4*k - y = -6*y - z, 0 = 2*y + 8. List the prime factors of k.
2, 5
Let r(q) = -q**2 + 18. Let c be r(-5). Let m(x) = -x**3 - x**2 + 20*x + 5. List the prime factors of m(c).
3, 53
Let i(x) = -x**3 - x**2 + x - 1. Let s(l) = l**3 - 9*l**2 + 12*l + 37. Let m(w) = -2*i(w) - s(w). List the prime factors of m(-11).
7, 17
Suppose -q = -5*o - 356, -4*q + 0*o - 2*o + 1380 = 0. What are the prime factors of q?
2, 173
Suppose 2*g - 10 = -0*g. Suppose 3*h - 2*a - 2*a - 16 = 0, 7 = 3*h + 5*a. Suppose -41 = -2*j + 4*n + g, h*n = -j - 1. What are the prime factors of j?
3, 5
What are the prime factors of (-1313 + -7 + -5)/(-1)?
5, 53
Let x(d) be the third derivative of -d**5/60 - d**4/12 + 3*d**2. Let z be x(-2). Suppose z*f - 60 = -2*f. List the prime factors of f.
2, 3, 5
Let k(v) = -v**3 + 3*v**2 + 5*v - 4. Let w be k(4). Suppose y - 24 - 14 = -i, w = -i + 3. Let f = y + -21. What are the prime factors of f?
2, 7
Let n(b) = -4*b**3 - 13 + 14 - 2*b**3. Let t be n(-1). Suppose 0 = -9*w + t*w + 54. List the prime factors of w.
3
Suppose p + 5*x = 515, -6*p + 11*p - 2531 = -3*x. What are the prime factors of p?
5, 101
Let c be 5187/18 - 3/18. Suppose u - c = -u. Suppose -u = -4*n - 48. What are the prime factors of n?
2, 3
Suppose 2*s + 5*d = 905, -s + 3*s - 920 = -2*d. List the prime factors of s.
3, 5, 31
Suppose -8*a + 220320 = 43*a. What are the prime factors of a?
2, 3, 5
Let m(v) be the second derivative of -13*v**3/3 + 15*v**2 - 7*v. What are the prime factors of m(-5)?
2, 5
Suppose 17*p + 24576 = 33*p. What are the prime factors of p?
2, 3
Let y(h) = h**2 - 4*h - 22. Suppose -s + 0*c + 7 = -5*c, -8 = -s + 4*c. List the prime factors of y(s).
2, 37
Let j(t) = 25*t**2 - 3*t - 5. Let g be j(-2). Let x = g + -60. Suppose -4*m = 5*o - x + 12, 0 = o - 2*m - 17. List the prime factors of o.
3
Let n = -299 + 1501. List the prime factors of n.
2, 601
Let d(f) = f**3 - 9*f**2 + 6*f + 16. Let k be d(8). Suppose -3 = 3*a, 4*i - 2*i - 4*a - 160 = k. List the prime factors of i.
2, 3, 13
Suppose -3*t = -0*t - 30. Suppose -463 - 727 = -t*m. What are the prime factors of m?
7, 17
Let p(r) = -r**3 + 4*r**2 - r + 1190. List the prime factors of p(0).
2, 5, 7, 17
Suppose -h = 3*s + 3*h + 8, 3*s + 13 = -5*h. Suppose -s*o + 82 = -5*r, -24 = -0*r + r + 3*o. Let u = r - -50. What are the prime factors of u?
2
Let k(d) = -99*d - 149. List the prime factors of k(-5).
2, 173
Let l = 243 + -113. Suppose -y - l = -6*y. Let b = 28 - y. List the prime factors of b.
2
Suppose -68 - 128 = -l - t, -4*l + 793 = t. List the prime factors of l.
199
Suppose 2*c - 5*z = -124, -c = 4*c + 4*z + 376. Let b = c - -130. List the prime factors of b.
2, 29
Suppose 0*p - 4*p = -180. Let q be 176/10 - p/75. Let l = 0 + q. What are the prime factors of l?
17
List the prime factors of (-20)/25 + (-9596)/(-20) + -1.
2, 239
Suppose -261*i + 264*i = 1563. List the prime factors of i.
521
Let u be ((-5)/(-3))/((-3)/72). Let l be ((-84)/(-8))/(9/24). Let r = l - u. List the prime factors of r.
2, 17
Let a = -1584 + 2802. List the prime factors of a.
2, 3, 7, 29
Suppose -2*b + 2*w - 